{"id":95,"date":"2022-02-28T15:38:26","date_gmt":"2022-02-28T14:38:26","guid":{"rendered":"http:\/\/medecine-chinoise-aubagne.com\/?page_id=95"},"modified":"2025-12-31T11:27:37","modified_gmt":"2025-12-31T10:27:37","slug":"qui-suis-je","status":"publish","type":"page","link":"https:\/\/medecine-chinoise-aubagne.com\/index.php\/qui-suis-je\/","title":{"rendered":"Qui sommes nous ?"},"content":{"rendered":"\n<h2 class=\"wp-block-heading\">Agn\u00e8s Hourtan\u00e9<\/h2>\n\n\n\n<p>Apr\u00e8s cinq ann\u00e9es d\u2019\u00e9tudes sup\u00e9rieures en finance, j\u2019ai travaill\u00e9 quatre ans au sein d\u2019une banque d\u2019affaires priv\u00e9e en tant que gestionnaire de patrimoine. J\u2019ai ensuite cr\u00e9\u00e9 mon propre cabinet de conseil en gestion de patrimoine, activit\u00e9 que j\u2019ai exerc\u00e9e pendant huit ans avant de le c\u00e9der.<\/p>\n\n\n\n<p>Ressentant le besoin d\u2019un changement de direction, j\u2019ai regagn\u00e9 les bancs d&rsquo;\u00e9cole pour \u00e9tudier pendant cinq ans la MTC, ses pratiques \u00e9nerg\u00e9tiques, ainsi qu\u2019aux bases th\u00e9oriques permettant une compr\u00e9hension g\u00e9n\u00e9rale du cadre de la m\u00e9decine conventionnelle.<\/p>\n\n\n\n<p>Quelques ann\u00e9es apr\u00e8s l\u2019ouverture de mon cabinet, j\u2019ai souhait\u00e9 approfondir ces pratiques en effectuant un s\u00e9jour de deux mois \u00e0 Ta\u00efwan, au cours duquel j\u2019ai perfectionn\u00e9 mes gestes, notamment dans la pratique du massage Tui Na.<\/p>\n\n\n\n<p>Depuis, j\u2019interviens en \u00c9thiopie dans un cadre humanitaire, aupr\u00e8s du personnel soignant (m\u00e9decins, kin\u00e9sith\u00e9rapeutes et infirmiers) du Saint Paul Hospital College d\u2019Addis-Abeba, dans le cadre de missions men\u00e9es par Acupuncture Sans Fronti\u00e8re (ASF), \u00e0 des fins de transmission et de partage de savoirs.<\/p>\n\n\n\n<p><strong>Dipl\u00f4mes&nbsp;:<\/strong><\/p>\n\n\n\n<ul class=\"wp-block-list\">\n<li>Certificat d\u2019Energ\u00e9tique Traditionnelle Chinoise<\/li>\n\n\n\n<li>Certificat de Technique Energ\u00e9tique Manuelle<\/li>\n\n\n\n<li>TUI NA 1er, 2\u00e8me et 3\u00e8me degr\u00e9<\/li>\n\n\n\n<li>Dipl\u00f4me d\u2019Energ\u00e9tique Traditionnelle Chinoise<\/li>\n\n\n\n<li>Dipl\u00f4me National de M\u00e9decine Traditionnelle Chinoise (D.A.T.C.\/ D.N.M.T.C. n\u00b0010-047)<\/li>\n<\/ul>\n\n\n\n<p>Dipl\u00f4m\u00e9e du Coll\u00e8ge&nbsp;<a href=\"http:\/\/www.sferemtc.net\/\" target=\"_blank\" rel=\"noreferrer noopener\">S.F.E.R.E.<\/a>&nbsp;(Soci\u00e9t\u00e9 Fran\u00e7aise d\u2019Etudes et de Recherches en Energ\u00e9tique)<br>Membre de la&nbsp;<a href=\"https:\/\/www.fnmtc.fr\" target=\"_blank\" rel=\"noreferrer noopener\">F.N.M.T.C.<\/a>&nbsp;(F\u00e9d\u00e9ration Nationale de M\u00e9decine Traditionnelle Chinoise) n\u00b01113GIPR1804<br>Membre de l\u2019<a href=\"http:\/\/www.etcma.org\/\" target=\"_blank\" rel=\"noreferrer noopener\">E.T.C.M.A.<\/a>&nbsp;(European Traditional Chinese Medecine Association)<br>Membre d&rsquo;<a href=\"https:\/\/www.acupuncture-sfi.org\/\">A.S.F.<\/a> (Acupuncture Sans Fronti\u00e8re)<\/p>\n\n\n\n<h3 class=\"wp-block-heading\"><em>Egalement enseignante de Yoga<\/em><\/h3>\n\n\n\n<p>Parall\u00e8lement \u00e0 mon activit\u00e9 en \u00e9nerg\u00e9tique traditionnelle chinoise, je suis enseignante dipl\u00f4m\u00e9e 500 heures d\u2019Ashtanga Yoga et fondatrice de l\u2019\u00e9cole de yoga<strong> <a href=\"https:\/\/yoganesha-aubagne.fr\">Yoganesha<\/a><\/strong>, situ\u00e9e \u00e0 Aubagne.<\/p>\n\n\n\n<p>Cette approche corporelle et respiratoire vient nourrir une vision globale du mouvement, de la pr\u00e9sence et de l\u2019\u00e9quilibre, dans le respect du rythme et des besoins de chacun.<br>Vous pouvez d\u00e9couvrir <a href=\"https:\/\/yoganesha-aubagne.fr\">Yoganesha ici<\/a><\/p>\n\n\n<div class=\"wp-block-image\">\n<figure class=\"aligncenter size-full is-resized\"><img loading=\"lazy\" decoding=\"async\" width=\"34\" height=\"174\" src=\"http:\/\/medecine-chinoise-aubagne.com\/wp-content\/uploads\/2022\/03\/ideogramme-MTC.jpg\" alt=\"\" class=\"wp-image-101\" style=\"width:29px;height:148px\"\/><\/figure>\n<\/div>\n\n\n<h2 class=\"wp-block-heading\">Gabrielle Di Pasquale<\/h2>\n\n\n\n<p>Praticienne en \u00c9nerg\u00e9tique Traditionnelle Chinoise, dipl\u00f4m\u00e9e de l\u2019IMTC d\u2019Avignon et en cursus d\u2019approfondissement au sein du coll\u00e8ge de la SFERE.<\/p>\n\n\n\n<p>Apr\u00e8s plusieurs ann\u00e9es d\u2019\u00e9tudes universitaires orient\u00e9es vers la compr\u00e9hension du soin et de l\u2019humain, j\u2019ai choisi la M\u00e9decine Traditionnelle Chinoise pour sa lecture globale des d\u00e9s\u00e9quilibres et sa vision \u00e9nerg\u00e9tique de l\u2019\u00e9quilibre de la personne.<br>Cette approche mill\u00e9naire propose des cl\u00e9s de compr\u00e9hension toujours actuelles, en lien avec nos environnements et nos modes de vie contemporains, et s\u2019inscrit dans une d\u00e9marche de pr\u00e9servation de l\u2019\u00e9quilibre et de mieux-\u00eatre au quotidien.<\/p>\n\n\n\n<p>Apr\u00e8s plus de cinq ann\u00e9es de pratique en cabinet priv\u00e9 dans les Gorges du Verdon, j\u2019exerce aujourd\u2019hui cette discipline \u00e0 Aubagne.<\/p>\n\n\n\n<p>Je propose un accompagnement fond\u00e9 sur les principes de l\u2019\u00e9nerg\u00e9tique traditionnelle chinoise, dans une approche globale et humaniste de la personne, en utilisant les outils de l\u2019acupression, de la moxibustion et du massage Tui Na.<\/p>\n\n\n\n<ul class=\"wp-block-list\">\n<li>Certificat de MTC<\/li>\n\n\n\n<li>Certificat de Tui Na<\/li>\n\n\n\n<li>Certificat de M\u00e9decine Manuelle<\/li>\n<\/ul>\n\n\n\n<p><\/p>\n","protected":false},"excerpt":{"rendered":"<p>Agn\u00e8s Hourtan\u00e9 Apr\u00e8s cinq ann\u00e9es d\u2019\u00e9tudes sup\u00e9rieures en finance, j\u2019ai travaill\u00e9 quatre ans au sein d\u2019une banque d\u2019affaires priv\u00e9e en tant que gestionnaire de patrimoine. J\u2019ai ensuite cr\u00e9\u00e9 mon propre cabinet de conseil en gestion de patrimoine, activit\u00e9 que j\u2019ai exerc\u00e9e pendant huit ans avant de le c\u00e9der. Ressentant le besoin d\u2019un changement de direction, &hellip; <\/p>\n<p class=\"link-more\"><a href=\"https:\/\/medecine-chinoise-aubagne.com\/index.php\/qui-suis-je\/\" class=\"more-link\">Continuer la lecture<span class=\"screen-reader-text\"> de &laquo;&nbsp;Qui sommes nous ?&nbsp;&raquo;<\/span><\/a><\/p>\n","protected":false},"author":1,"featured_media":0,"parent":0,"menu_order":0,"comment_status":"closed","ping_status":"closed","template":"","meta":{"footnotes":""},"class_list":["post-95","page","type-page","status-publish","hentry"],"_links":{"self":[{"href":"https:\/\/medecine-chinoise-aubagne.com\/index.php\/wp-json\/wp\/v2\/pages\/95","targetHints":{"allow":["GET"]}}],"collection":[{"href":"https:\/\/medecine-chinoise-aubagne.com\/index.php\/wp-json\/wp\/v2\/pages"}],"about":[{"href":"https:\/\/medecine-chinoise-aubagne.com\/index.php\/wp-json\/wp\/v2\/types\/page"}],"author":[{"embeddable":true,"href":"https:\/\/medecine-chinoise-aubagne.com\/index.php\/wp-json\/wp\/v2\/users\/1"}],"replies":[{"embeddable":true,"href":"https:\/\/medecine-chinoise-aubagne.com\/index.php\/wp-json\/wp\/v2\/comments?post=95"}],"version-history":[{"count":16,"href":"https:\/\/medecine-chinoise-aubagne.com\/index.php\/wp-json\/wp\/v2\/pages\/95\/revisions"}],"predecessor-version":[{"id":373,"href":"https:\/\/medecine-chinoise-aubagne.com\/index.php\/wp-json\/wp\/v2\/pages\/95\/revisions\/373"}],"wp:attachment":[{"href":"https:\/\/medecine-chinoise-aubagne.com\/index.php\/wp-json\/wp\/v2\/media?parent=95"}],"curies":[{"name":"wp","href":"https:\/\/api.w.org\/{rel}","templated":true}]}}